{"id":1452,"date":"2017-01-20T11:33:55","date_gmt":"2017-01-20T10:33:55","guid":{"rendered":"http:\/\/wandel-der-arbeit.de\/?page_id=1452"},"modified":"2024-01-02T21:28:34","modified_gmt":"2024-01-02T20:28:34","slug":"wandel-der-arbeit-graduate-school-des-boeckler-kollegs-2","status":"publish","type":"page","link":"https:\/\/wandel-der-arbeit.de\/","title":{"rendered":""},"content":{"rendered":"<p><img loading=\"lazy\" decoding=\"async\" class=\"wp-image-2001 aligncenter\" src=\"http:\/\/wandel-der-arbeit.de\/wp-content\/uploads\/2022\/01\/Bildschirmfoto-2022-01-26-um-00.25.47.png\" alt=\"\" width=\"515\" height=\"286\" srcset=\"https:\/\/wandel-der-arbeit.de\/wp-content\/uploads\/2022\/01\/Bildschirmfoto-2022-01-26-um-00.25.47.png 1004w, https:\/\/wandel-der-arbeit.de\/wp-content\/uploads\/2022\/01\/Bildschirmfoto-2022-01-26-um-00.25.47-300x167.png 300w, https:\/\/wandel-der-arbeit.de\/wp-content\/uploads\/2022\/01\/Bildschirmfoto-2022-01-26-um-00.25.47-768x427.png 768w, https:\/\/wandel-der-arbeit.de\/wp-content\/uploads\/2022\/01\/Bildschirmfoto-2022-01-26-um-00.25.47-624x347.png 624w\" sizes=\"auto, (max-width: 515px) 100vw, 515px\" \/><\/p>\n<p style=\"text-align: center;\">\n<p><strong>\u00a0 \u00a0 <a href=\"https:\/\/www.ifz-muenchen.de\"><img loading=\"lazy\" decoding=\"async\" class=\"shrinkToFit\" src=\"https:\/\/www.ifz-muenchen.de\/fileadmin\/user_upload\/Presse\/Logos\/IfZ_Web\/Logo-IfZ.jpg\" alt=\"https:\/\/www.ifz-muenchen.de\/fileadmin\/user_upload\/Presse\/Logos\/IfZ_Web\/Logo-IfZ.jpg\" width=\"261\" height=\"56\" \/>\u00a0\u00a0<\/a>\u00a0<\/strong><strong><a href=\"http:\/\/www.isb.ruhr-uni-bochum.de\/isb\/index.html.de\"><img loading=\"lazy\" decoding=\"async\" class=\"wp-image-1633 alignnone\" src=\"https:\/\/wandel-der-arbeit.de\/wp-content\/uploads\/2016\/02\/bochum-300x97.png\" alt=\"\" width=\"154\" height=\"50\" srcset=\"https:\/\/wandel-der-arbeit.de\/wp-content\/uploads\/2016\/02\/bochum-300x97.png 300w, https:\/\/wandel-der-arbeit.de\/wp-content\/uploads\/2016\/02\/bochum.png 345w\" sizes=\"auto, (max-width: 154px) 100vw, 154px\" \/><\/a>\u00a0 \u00a0 \u00a0<a href=\"https:\/\/zzf-potsdam.de\"><img loading=\"lazy\" decoding=\"async\" class=\"irc_mi\" src=\"https:\/\/zzf-potsdam.de\/sites\/default\/files\/header\/zzf_web19_header_mobile_02.png\" alt=\"Bildergebnis f\u00fcr zzf potsdam logo\" width=\"148\" height=\"53\" data-iml=\"1563136961846\" \/><\/a>\u00a0 \u00a0 \u00a0 <a href=\"http:\/\/www.zzf-pdm.de\">\u00a0<\/a><a href=\"https:\/\/www.boeckler.de\/112906.htm\"><img loading=\"lazy\" decoding=\"async\" class=\"alignnone wp-image-1692\" src=\"https:\/\/wandel-der-arbeit.de\/wp-content\/uploads\/2017\/01\/HBS_SF_PK-Kennung-044.jpg\" alt=\"\" width=\"66\" height=\"88\" \/><\/a><a href=\"http:\/\/www.zzf-pdm.de\"><br \/><\/a><\/strong><\/p>\n<p><strong>Graduiertenkolleg<\/strong><\/p>\n<p>Seit 2021 erforscht die <strong>zweite F\u00f6rderphase<\/strong> des Kollegs<\/p>\n<p><strong>\u201eSoziale Polarisierungen in Dienstleistungsberufen 1970 &#8211; 2000\u201c.<\/strong><\/p>\n<p>Neun Doktorand*innen gehen der Frage nach, welche gesellschaftliche Pr\u00e4gekraft der Wandel der Arbeit im expandierenden Dienstleistungssektor insbesondere seit den 1970er Jahren entfaltete. \u00a0Damit fokussieren sie die wachsende Ambivalenz arbeitsweltlicher Wandlungsprozesse, die im Dienstleistungssektor besonders scharf ausgepr\u00e4gt ist. Sie hatte erhebliche Folgen f\u00fcr die soziale Schichtung und (Re-)Hierarchisierung europ\u00e4ischer Gesellschaften: F\u00fcr den gut qualifizierten Teil der Besch\u00e4ftigten in wertsch\u00f6pfungsstarken Branchen bestehen die Schutz-, Konsum- und Aufstiegsversprechen der \u201esozialen Moderne\u201c (Nachtwey) weiterhin fort. Allerdings ist ein wachsender Teil der Arbeitsverh\u00e4ltnisse in Berufen, die standardisierbare und personenbezogene Dienstleistungen erbringen, durch Flexibilisierung, Prekarisierung, Lohndisparit\u00e4ten und schwindende gewerkschaftliche Durchsetzungschancen gepr\u00e4gt. Die Studien des Kollegs analysieren solche Polarisierungen mit besonderem Blick auf die durch Wissen, Geschlecht und Ethnizit\u00e4t gezogenen Linien.<\/p>\n<\/p>\n<p>F\u00fcr weitere Informationen:<\/p>\n\n\n<div class=\"wp-block-file\"><a href=\"http:\/\/wandel-der-arbeit.de\/wp-content\/uploads\/2020\/12\/Antrag-HBS-Kolleg-2-Phase-kurz-fuer-HP-3.pdf\" class=\"wp-block-file__button wp-element-button\" download><em>Download: Antrag Kolleg Phase 2<\/em><\/a><\/div>\n\n\n\n<p class=\"wp-block-paragraph\"><\/p>\n\n\n\n<p class=\"wp-block-paragraph\"><\/p>\n\n\n\n<p class=\"wp-block-paragraph\"><\/p>\n\n\n\n<p class=\"wp-block-paragraph\"><\/p>\n\n\n\n<p class=\"wp-block-paragraph\"><\/p>\n\n\n\n<p class=\"wp-block-paragraph\"><\/p>\n\n\n\n<p class=\"wp-block-paragraph\"><\/p>\n","protected":false},"excerpt":{"rendered":"<p>\u00a0 \u00a0 \u00a0\u00a0\u00a0\u00a0 \u00a0 \u00a0\u00a0 \u00a0 \u00a0 \u00a0 Graduiertenkolleg Seit 2021 erforscht die zweite F\u00f6rderphase des Kollegs \u201eSoziale Polarisierungen in Dienstleistungsberufen 1970 &#8211; 2000\u201c. Neun Doktorand*innen gehen der Frage nach,&#8230; <a href=\"https:\/\/wandel-der-arbeit.de\/\">weiterlesen &raquo;<\/a><\/p>\n","protected":false},"author":1,"featured_media":0,"parent":0,"menu_order":10,"comment_status":"closed","ping_status":"closed","template":"","meta":{"_acf_changed":false,"footnotes":""},"class_list":["post-1452","page","type-page","status-publish","hentry"],"acf":[],"_links":{"self":[{"href":"https:\/\/wandel-der-arbeit.de\/wp-json\/wp\/v2\/pages\/1452","targetHints":{"allow":["GET"]}}],"collection":[{"href":"https:\/\/wandel-der-arbeit.de\/wp-json\/wp\/v2\/pages"}],"about":[{"href":"https:\/\/wandel-der-arbeit.de\/wp-json\/wp\/v2\/types\/page"}],"author":[{"embeddable":true,"href":"https:\/\/wandel-der-arbeit.de\/wp-json\/wp\/v2\/users\/1"}],"replies":[{"embeddable":true,"href":"https:\/\/wandel-der-arbeit.de\/wp-json\/wp\/v2\/comments?post=1452"}],"version-history":[{"count":90,"href":"https:\/\/wandel-der-arbeit.de\/wp-json\/wp\/v2\/pages\/1452\/revisions"}],"predecessor-version":[{"id":2118,"href":"https:\/\/wandel-der-arbeit.de\/wp-json\/wp\/v2\/pages\/1452\/revisions\/2118"}],"wp:attachment":[{"href":"https:\/\/wandel-der-arbeit.de\/wp-json\/wp\/v2\/media?parent=1452"}],"curies":[{"name":"wp","href":"https:\/\/api.w.org\/{rel}","templated":true}]}}

<p><img loading="lazy" decoding="async" class="wp-image-2001 aligncenter" src="http://wandel-der-arbeit.de/wp-content/uploads/2022/01/Bildschirmfoto-2022-01-26-um-00.25.47.png" alt="" width="515" height="286" srcset="https://wandel-der-arbeit.de/wp-content/uploads/2022/01/Bildschirmfoto-2022-01-26-um-00.25.47.png 1004w, https://wandel-der-arbeit.de/wp-content/uploads/2022/01/Bildschirmfoto-2022-01-26-um-00.25.47-300x167.png 300w, https://wandel-der-arbeit.de/wp-content/uploads/2022/01/Bildschirmfoto-2022-01-26-um-00.25.47-768x427.png 768w, https://wandel-der-arbeit.de/wp-content/uploads/2022/01/Bildschirmfoto-2022-01-26-um-00.25.47-624x347.png 624w" sizes="auto, (max-width: 515px) 100vw, 515px" /></p>
<p style="text-align: center;">
<p><strong>    <a href="https://www.ifz-muenchen.de"><img loading="lazy" decoding="async" class="shrinkToFit" src="https://www.ifz-muenchen.de/fileadmin/user_upload/Presse/Logos/IfZ_Web/Logo-IfZ.jpg" alt="https://www.ifz-muenchen.de/fileadmin/user_upload/Presse/Logos/IfZ_Web/Logo-IfZ.jpg" width="261" height="56" />  </a> </strong><strong><a href="http://www.isb.ruhr-uni-bochum.de/isb/index.html.de"><img loading="lazy" decoding="async" class="wp-image-1633 alignnone" src="https://wandel-der-arbeit.de/wp-content/uploads/2016/02/bochum-300x97.png" alt="" width="154" height="50" srcset="https://wandel-der-arbeit.de/wp-content/uploads/2016/02/bochum-300x97.png 300w, https://wandel-der-arbeit.de/wp-content/uploads/2016/02/bochum.png 345w" sizes="auto, (max-width: 154px) 100vw, 154px" /></a>     <a href="https://zzf-potsdam.de"><img loading="lazy" decoding="async" class="irc_mi" src="https://zzf-potsdam.de/sites/default/files/header/zzf_web19_header_mobile_02.png" alt="Bildergebnis für zzf potsdam logo" width="148" height="53" data-iml="1563136961846" /></a>      <a href="http://www.zzf-pdm.de"> </a><a href="https://www.boeckler.de/112906.htm"><img loading="lazy" decoding="async" class="alignnone wp-image-1692" src="https://wandel-der-arbeit.de/wp-content/uploads/2017/01/HBS_SF_PK-Kennung-044.jpg" alt="" width="66" height="88" /></a><a href="http://www.zzf-pdm.de"><br /></a></strong></p>
<p><strong>Graduiertenkolleg</strong></p>
<p>Seit 2021 erforscht die <strong>zweite Förderphase</strong> des Kollegs</p>
<p><strong>„Soziale Polarisierungen in Dienstleistungsberufen 1970 &#8211; 2000“.</strong></p>
<p>Neun Doktorand*innen gehen der Frage nach, welche gesellschaftliche Prägekraft der Wandel der Arbeit im expandierenden Dienstleistungssektor insbesondere seit den 1970er Jahren entfaltete.  Damit fokussieren sie die wachsende Ambivalenz arbeitsweltlicher Wandlungsprozesse, die im Dienstleistungssektor besonders scharf ausgeprägt ist. Sie hatte erhebliche Folgen für die soziale Schichtung und (Re-)Hierarchisierung europäischer Gesellschaften: Für den gut qualifizierten Teil der Beschäftigten in wertschöpfungsstarken Branchen bestehen die Schutz-, Konsum- und Aufstiegsversprechen der „sozialen Moderne“ (Nachtwey) weiterhin fort. Allerdings ist ein wachsender Teil der Arbeitsverhältnisse in Berufen, die standardisierbare und personenbezogene Dienstleistungen erbringen, durch Flexibilisierung, Prekarisierung, Lohndisparitäten und schwindende gewerkschaftliche Durchsetzungschancen geprägt. Die Studien des Kollegs analysieren solche Polarisierungen mit besonderem Blick auf die durch Wissen, Geschlecht und Ethnizität gezogenen Linien.</p>
</p>
<p>Für weitere Informationen:</p>


<div class="wp-block-file"><a href="http://wandel-der-arbeit.de/wp-content/uploads/2020/12/Antrag-HBS-Kolleg-2-Phase-kurz-fuer-HP-3.pdf" class="wp-block-file__button wp-element-button" download><em>Download: Antrag Kolleg Phase 2</em></a></div>



<p class="wp-block-paragraph"></p>



<p class="wp-block-paragraph"></p>



<p class="wp-block-paragraph"></p>



<p class="wp-block-paragraph"></p>



<p class="wp-block-paragraph"></p>



<p class="wp-block-paragraph"></p>



<p class="wp-block-paragraph"></p>

<p>                    Graduiertenkolleg Seit 2021 erforscht die zweite Förderphase des Kollegs „Soziale Polarisierungen in Dienstleistungsberufen 1970 &#8211; 2000“. Neun Doktorand*innen gehen der Frage nach,&#8230; <a href="https://wandel-der-arbeit.de/">weiterlesen &raquo;</a></p>
